d be x(16). Suppose 2*z - 3*f = 93, 255 = 5*z - d*f - f. Is 9 a factor of z?
True
Suppose -143 = -2*w - 5*j, w - 4*j = 30 + 61. Let y = 141 - w. Does 4 divide y?
False
Let f(l) = 18 + 25*l - 5*l - 29. Is f(5) a multiple of 21?
False
Let t(q) = 31*q**2 + 2*q - 2. Let s be 4 - (-1 - (-12)/(-3)). Suppose -s*g = -4*g - 5. Does 7 divide t(g)?
False
Let z = 127 - 123. Suppose 0 = -g + 4 + 1, -2*d + z*g = -148. Is 21 a factor of d?
True
Let n(f) = -2*f**3 + 7*f + 15. Is 24 a factor of n(-3)?
True
Suppose 2*c - 7*c + 10 = 0. Suppose -c = 3*t - 20. Does 6 divide t?
True
Let f(a) = -a**2 - 9*a + 4. Let g be f(-7). Suppose 0 = 3*j - 3*v - 1080, -4*v = -2 - g. Is 55 a factor of j?
False
Let c(f) = f**2 - 10*f + 10. Let b be c(8). Let v be 2/b + (-325)/(-3). Suppose v = 9*h - 6*h. Is h a multiple of 18?
True
Suppose 3*o = -503 + 188. Let q = 157 + o. Let n = q - -2. Is 18 a factor of n?
True
Let x be -309*(40/(-15))/4. Suppose -x = -4*g + 178. Is g a multiple of 24?
True
Let d = -1 - -1. Suppose 5*c + 37 = p, -5*p + d*c = c - 237. Suppose -q - p = m - 2*m, -20 = 4*q. Does 11 divide m?
False
Is 10 a factor of 8*(-2)/(16/4) - -64?
True
Let f(m) = m**3 + 18*m**2 - 9*m + 153. Is 10 a factor of f(-16)?
False
Let s(v) = v**3 + 10*v**2 - v + 11. Let k be s(-10). Is 0 + 4/12*k even?
False
Suppose 2*m = 2*r + 214, 2*r - 127 = -m + 7*r. Is m a multiple of 34?
True
Let n(c) = 16*c**3 + 3*c**2 - 2*c. Let f be n(2). Suppose -4*o + f = 32. Is 13 a factor of o?
True
Let u = 55 - -15. Suppose 3*k = 12, 5*k + u = 5*z - 0*k. Is z a multiple of 11?
False
Let x be 233/5 - (-36)/90. Suppose x = 3*f + 8. Is 12 a factor of f?
False
Suppose 2619 = 28*y - 1273. Is y a multiple of 17?
False
Suppose 2*x + 0*x = -4. Let w(k) = 11*k**2 - 7*k - 6. Is w(x) a multiple of 19?
False
Let z be ((-42)/(-70))/(2/(-10)). Let r be (z + 0 + 4)*40. Suppose r = -4*f + 9*f. Does 8 divide f?
True
Let f(o) = 4*o + 0*o + 3 + 12*o**2 + o + 11 + o**3. Is 30 a factor of f(-6)?
False
Let x(h) = -6*h**3 - 9*h**2 + 7*h - 14. Is 74 a factor of x(-7)?
True
Let d = 13 - 28. Let q(s) = -s - 1. Let j(u) = u + 17. Let a(w) = j(w) + 2*q(w). Is a(d) a multiple of 10?
True
Let z(g) be the first derivative of g**2/2 + 7*g + 7. Let o be z(-6). Is 6 a factor of (1/o)/(2/38)?
False
Let m = -27 + 17. Suppose 0 = 5*w + 3*w + 128. Let s = m - w. Is 4 a factor of s?
False
Let j = 369 - 82. Does 7 divide j?
True
Let j(k) = 24*k + 2. Let r be j(6). Suppose q - 32 = -3*m, 3*q - 7*q + r = 3*m. Does 5 divide q?
False
Let c(w) = w**2 + 9*w + 4. Let s be c(-9). Let h(y) = -4*y**3 + 4*y**2 - 2*y - 1. Let m be h(s). Let u = -143 - m. Is 23 a factor of u?
False
Let d(v) = v + 19. Let s = 14 - 3. Let f be s*1*(2 - 3). Does 6 divide d(f)?
False
Suppose -4*s = -f - 2*f - 8310, -3*f = s - 2070. Is 12 a factor of s?
True
Let p(y) = y**2 + 7*y - 114. Does 56 divide p(-25)?
True
Let c be 472/5 + -3*(-8)/(-60). Suppose -j + c + 26 = 5*t, -5*t = -3*j + 340. Is 16 a factor of j?
False
Let s = 14 + 1. Let h = -9 + s. Suppose h*y - 38 - 34 = 0. Does 12 divide y?
True
Suppose 8*k = 20*k - 3036. Is k a multiple of 11?
True
Let j be (3 + -61 + -1)*5. Let l = j - -455. Is l a multiple of 40?
True
Let m = 20 + -17. Suppose -m*v = -5*v + 4*c + 76, -180 = -4*v + c. Is v a multiple of 23?
True
Let v = 235 - 66. Is v a multiple of 3?
False
Suppose 2*i = -0*i + 4*c + 294, -4*c = -3*i + 441. Suppose -4*s = -s + t - i, -2*t = -5*s + 245. Does 6 divide s?
False
Suppose -5*l + 207 = -113. Suppose a = 65 + l. Suppose -2*r - 3*r + 217 = -4*d, a = 3*r - 2*d. Does 14 divide r?
False
Let u(o) be the second derivative of 3*o**4/4 + 2*o**3/3 - 3*o**2/2 - 6*o. Let w be u(3). Suppose -3*x + w = -0*x. Is x a multiple of 15?
True
Let b = 1124 + -318. Is 13 a factor of b?
True
Let k(n) = 5*n + 20. Let u(r) = -3*r - 10. Let y(p) = 6*k(p) + 11*u(p). Let g be -6 + 4 - (5 - 0). Is 19 a factor of y(g)?
False
Suppose -z + 70 = -3*h, -163 = -2*z + h - 28. Does 17 divide z - (-3 - (2 + -4))?
True
Let z(o) = -4*o + 1. Let i(v) = -6 + v - v + v + 0*v. Let g be i(5). Is z(g) even?
False
Let v(b) = b**2 - 7*b + 140. Is 13 a factor of v(25)?
False
Let t = -1689 - -2689. Is t a multiple of 40?
True
Is ((-315)/(-135))/(-1*1/(-153)) a multiple of 7?
True
Let g(i) = -419*i + 1. Is g(-1) a multiple of 140?
True
Suppose 5*z = a - 330, 2*z = -3 - 3. Is 35 a factor of a?
True
Let j = 20 + -17. Suppose 0*g + 31 = j*c - 5*g, 27 = c - 5*g. Does 7 divide (-6)/c + (23 - 6)?
True
Let v(r) = 8*r**3 + 5*r**2 + 5*r + 15. Let l(b) = 7*b**3 + 5*b**2 + 4*b + 14. Let u(p) = -7*l(p) + 6*v(p). Let a be u(-6). Does 7 divide ((-44)/a)/((-2)/24)?
False
Let b = -117 + 74. Let n = b + 75. Is n a multiple of 8?
True
Suppose -5*m = -2*w - 3020, -4*m - 1803 = -7*m + 3*w. Is 16 a factor of m?
False
Let a be (-1)/(2/12) - (-3)/1. Is (-305)/(-7) + a/(-7) a multiple of 12?
False
Let j = 10 - 26. Let d = -14 - j. Suppose -4*m - 1 = 5*x, -5*m - d*x + 24 - 4 = 0. Is m a multiple of 4?
False
Let m = -48 + 75. Suppose -4*j - 46 = -27*j. Suppose j*d + m - 129 = 0. Is d a multiple of 10?
False
Let x be 81/36 - (-1)/(-4). Suppose 5*f = x*f. Suppose f = o + 3*o - r - 110, 0 = -r - 2. Is o a multiple of 25?
False
Let x(c) = c**3 + 2*c**2 + 16*c - 22. Does 67 divide x(9)?
False
Suppose -2*v + c = -1697, 5*v - 2541 = 2*v - 3*c. Is 7 a factor of v?
False
Let p(j) = 6*j - 9. Let r be p(2). Suppose -r*x - 107 = -2*s + 478, 3*s - 858 = -2*x. Is 16 a factor of s?
True
Suppose 5*y - 4*t = 4*y + 143, 5*t = y - 142. Is y a multiple of 21?
True
Let k = -12 - -13. Is (-3)/k + 1 - -77 a multiple of 45?
False
Suppose -228*q = -225*q - 423. Is 8 a factor of q?
False
Let k = 931 - 421. Is k a multiple of 16?
False
Suppose 0 = 7*j - 4*j + 147. Let g = j - -72. Is g a multiple of 12?
False
Let p = -2 + 2. Suppose p*h - h = -3*b + 191, -187 = -3*b + 5*h. Suppose 0 = u - y + 5*y - b, -153 = -3*u + y. Is u a multiple of 13?
True
Let u = 10295 + -6339. Is 86 a factor of u?
True
Let x(p) = -p**2 - 8*p - 14. Let i be x(-4). Suppose i*g + 2*g = z - 22, -2*g - 18 = -z. Is 14 a factor of z?
True
Suppose -b + 2*s + 247 = 0, -s + 658 = 5*b - 577. Suppose 0 = -6*z + b + 113. Does 10 divide z?
True
Let l(y) = -y**3 + 21*y**2 - 8*y - 23. Is 23 a factor of l(18)?
True
Suppose -4*c + 3420 = -3*u, -5*c + 4*u = 5*u - 4275. Is c a multiple of 99?
False
Suppose -92275 = -46*q - 20515. Does 30 divide q?
True
Let n(h) = -h**3 - 13*h**2 - 9*h + 40. Let z be n(-12). Let i = 74 - z. Does 14 divide i?
True
Suppose -3*f = -4*t - 1 + 3, -2*f + 4*t = 0. Let j be (-2 + 1)/((-5)/390). Is j/5*(-5)/f a multiple of 13?
True
Suppose -1942 = -2*c - 3*i, -3*c + 4*i = 3*i - 2902. Is 3 a factor of c?
False
Suppose -3*o = 3*i - 63, o = 5*i - 1 - 2. Let r = 27 - o. Is r a multiple of 4?
False
Let i(l) = -14*l - 6. Let a be i(2). Let s = a - -84. Is s a multiple of 18?
False
Suppose 2*r = 6, 3*q + 0*r + 3 = -2*r. Let l be (q/4)/(3/(-8)). Suppose -l*p + 4 = -4. Is 4 a factor of p?
True
Let m(z) be the third derivative of -z**4/6 - 2*z**3/3 - 2*z**2. Let v be m(-2). Suppose q - 110 = -v*q. Does 13 divide q?
False
Does 68 divide 4/6 - 584240/(-240)?
False
Let x(v) = 3*v**2 + 29*v - 225. Does 45 divide x(26)?
False
Is 35/(245/14) + 0 + 804 a multiple of 11?
False
Suppose -9*p + 1055 + 4813 = 0. Is p a multiple of 19?
False
Let w(r) = 5*r + 35. Let f(g) = -2*g - 18. Let h(b) = -7*f(b) - 3*w(b). Is 3 a factor of h(6)?
True
Let b(a) = -a**2 - 2*a + 4. Let i be b(3). Is 11 a factor of (-10)/(-2)*(-121)/i?
True
Let f(m) = m + 15. Let j be f(-13). Suppose 3*q + j*x = -15, 4*q - 2*x = -5*x - 21. Is (-186)/(-6) - 3/q a multiple of 16?
True
Let f(r) = -1 - 2*r**2 + 19*r - 17*r + 5*r**2. Is 5 a factor of f(2)?
True
Let j be (-3)/(-2)*35056/42. Is j/20 + 6/(-10) a multiple of 31?
True
Let r(n) = -37*n**3 + 3*n**2 + 2*n. Let j be r(-1). Suppose 0*y = 5*y + 30. Let g = y + j. Is 12 a factor of g?
False
Suppose -440 = -10*m + 2260. Is 15 a factor of m?
True
Let h(s) = -6*s - 26. Let q be h(-10). Let u = q + -32. Is u even?
True
Suppose 700 = -2*p - 5*w + 3807, -5*w = p - 1541. Is p a multiple of 6?
True
Let h(c) = -c**3 + 6*c**2 + 9*c - 10. Let j be h(7). Suppose -2*m = 6, j = 2*i - 5*m - 33. Does 2 divide i?
False
Let r(k) = -k**3 - 18*k**2 + 34*k - 12. Does 6 divide r(-20)?
True
Let p = 34 - 34. Su